d x.
12
Let y = -10 - -6. Let v be 166/7 - y/14. Let p = 4 - -4. Calculate the highest common divisor of p and v.
8
Suppose g - 117 = -2*g. Suppose -4*l + l + g = 0. What is the highest common divisor of 104 and l?
13
Suppose -2*o + 4*o - 14 = 0. Let w = 25 - o. Calculate the greatest common divisor of w and 9.
9
Suppose 1 = 2*g - 5*c - 3, 5*c + 20 = 0. Let w = 9 + g. Suppose -14 - 13 = -3*m. Calculate the highest common factor of m and w.
1
Suppose -2*x + 143 = -x. Let n = 39 + -26. What is the highest common factor of n and x?
13
Let i(c) = c**3 - 14*c**2 + 2*c + 20. Let k be i(14). Suppose 3*y = -0*y + 36. Calculate the highest common divisor of y and k.
12
Suppose 0 = -5*l + 238 + 62. Let k = 29 + -9. Suppose 5*a + 10 = 3*s - 16, -s = 4*a - k. Calculate the highest common factor of l and s.
12
Let j be -3 + 1/1*120/4. What is the greatest common divisor of 243 and j?
27
Suppose 0 = 2*u - 418 + 50. What is the greatest common factor of 8 and u?
8
Let v be (2 - 3) + 3 + -22. Let f = v - -42. Calculate the greatest common factor of 55 and f.
11
Suppose 5*h = -5*r + 2*h + 26, -2*r + 2*h + 4 = 0. Calculate the highest common factor of r and 8.
4
Let y = -117 + 207. Let j(p) = -p**2 + 6*p + 10. Let a be j(6). What is the greatest common factor of y and a?
10
Suppose -v + 74 = -19. Calculate the highest common factor of v and 31.
31
Let k be 16/6*(-21)/(-14). Let n(f) = -f + 5. Let u be n(k). What is the highest common factor of 3 and u?
1
Let o be 2/10 + 18/10. Suppose -o*m = -13 - 9. Suppose -2*i = -0*i - 22. Calculate the greatest common factor of i and m.
11
Suppose 11 + 14 = u. Let q = u - 11. Let r = -1 - -3. What is the greatest common divisor of r and q?
2
Let s be 114 + 2*(3 - 4). What is the highest common factor of 14 and s?
14
Suppose -5*u = c - 79, -82 = -5*u - 2*c + 4*c. Suppose 0 = 3*o - 2*o - u. Suppose 0*n + 5*n = 200. Calculate the highest common factor of o and n.
8
Suppose 5*c - c - 588 = -k, 0 = 5*c - 4*k - 735. Calculate the greatest common factor of c and 21.
21
Suppose -6*o + 480 = -4*o. Calculate the highest common factor of 30 and o.
30
Suppose 60 = -s + 5*s. Let i be (-3)/(-2)*70/s. What is the greatest common divisor of i and 7?
7
Suppose 2 = 2*d - 0*d. Calculate the greatest common divisor of 8 and d.
1
Suppose 3*t - 88 = -5*q, -4*t + 2*q = -182 + 30. Calculate the greatest common divisor of t and 9.
9
Let y(d) = -7*d - 3. Let g be y(3). Let i be 13*-3*8/g. What is the greatest common factor of 117 and i?
13
Let h be 3*((-39)/(-9) - 0). Suppose 148 = 5*m + h. Suppose 6*z - m = 5*z. What is the highest common factor of 18 and z?
9
Let c(m) = m**2 + 4*m + 6. Let p be c(-4). Suppose -6*a + 108 = 21*a. Calculate the greatest common factor of a and p.
2
Suppose 4*k = 1 - 5, -68 = -4*x - 4*k. Suppose -u + 4 = u. Suppose 0 = -0*r - u*r + x. What is the greatest common factor of r and 9?
9
Let v be (-10)/3*9/(-2). Suppose 5 = -4*r - 3. Let m(y) = 29*y**2 - y + 2. Let g be m(r). What is the greatest common divisor of v and g?
15
Let y be -3 - 0 - (-162 + -1). Calculate the highest common factor of y and 64.
32
Let h(l) = -l**2 - l + 3. Let v be h(3). Let i be (5 - 5) + v/(-1). Calculate the highest common factor of i and 9.
9
Suppose -i - 126 = -2*i + v, 5*v = 20. What is the greatest common factor of i and 10?
10
Let z(r) = r**3 - r + 601. Let c be z(0). Let o = c + -358. Suppose o = 4*w + 3*f, 0 = -3*w + f + 73 + 119. What is the highest common factor of w and 7?
7
Suppose -156 = 2*g + g. Let a = -36 - g. Calculate the greatest common divisor of a and 24.
8
Let z be (1/2)/(1/320). Let h(m) = 3*m**2 - 2*m - 1. Let k be h(3). What is the highest common factor of k and z?
20
Suppose 2*t = -b + 7*t - 58, 3*b + 4*t = -136. Let v = b - -93. Calculate the greatest common factor of v and 18.
9
Suppose 0 = -y - 2*j + 2, 11 = 2*y + j - 4*j. Calculate the highest common divisor of 16 and y.
4
Let s = 18 + 0. Let v = -16 - -28. What is the greatest common factor of v and s?
6
Suppose 2*d = -2*b + 42, 4*b - d - 87 = -4*d. Calculate the greatest common divisor of b and 216.
24
Let r(o) = 26*o + 6. Let b be r(6). Let m = 19 - 1. What is the greatest common divisor of m and b?
18
Suppose -5*q + 2*y + 66 = 0, -3*y - 64 = -4*q - q. Calculate the greatest common factor of 2 and q.
2
Suppose 3*z + 4*a - 2 = 45, -2*z + 4*a + 18 = 0. Let v be ((-273)/(-63))/((-1)/(-24)). Calculate the highest common divisor of z and v.
13
Let h(w) = w**2 + 8*w + 9. Let m be h(-6). Let l be (-48)/(-2)*m/(-6). Let d be (-8)/(-28) - 922/(-7). Calculate the highest common divisor of l and d.
12
Let i = -195 + 327. Let v = 15 - 3. What is the highest common factor of v and i?
12
Let v be (0 + (-1)/(-1))*-11. Let s(z) = -z**3 - 10*z**2 + 10*z - 10. Let q be s(v). What is the highest common factor of q and 9?
1
Let x = 1 + -11. Let y = 22 + x. Suppose y = -5*h + 4*t + 52, 0 = -3*t. What is the greatest common factor of 40 and h?
8
Let a(s) = -13*s + 2. Let h be a(-1). Suppose 2*i - 41 - h = 0. What is the highest common divisor of 196 and i?
28
Let r be (-4)/14 + (-510)/(-70). Let o = -3 - -6. Suppose r = o*m - 5. What is the greatest common factor of m and 6?
2
Let i(t) = -t**3 - 11*t**2 - 5*t + 1. Let m be i(-11). Calculate the highest common divisor of 8 and m.
8
Let y(h) = h**3 + 95. Let j be y(0). Suppose -61 = -3*i - a, 2*i + 2*a - 18 = 7*a. What is the highest common divisor of j and i?
19
Let j be (-112)/(-11) - 2/11. Let a = j + 4. What is the greatest common divisor of 2 and a?
2
Let w(y) = -y**2 + 17*y + 86. Let p be w(21). Calculate the greatest common divisor of 2 and p.
2
Suppose 5*m - 454 = -5*c + m, 5*c = -2*m + 452. Suppose -2*g + 2*x + 52 = 0, -5*x = -g - 6*x + 34. Calculate the highest common factor of g and c.
30
Let o(d) = d**3 + d + 1. Let n(b) = -2*b**3 - 8*b**2 - 4*b. Let c(a) = -n(a) - 3*o(a). Let j be c(8). What is the highest common divisor of j and 5?
5
Suppose -13*o + 12 + 1 = 0. Calculate the highest common divisor of 9 and o.
1
Let j(o) = -o**2 - 7*o + 11. Let k be j(-8). Suppose 2*l + k*h + 75 = 5*l, -22 = -l - 2*h. What is the highest common divisor of 16 and l?
8
Let v be -1 + 6 - 9/3. Suppose -o + v*b - 2 = -b, 2 = 5*o - 3*b. What is the greatest common factor of o and 4?
1
Suppose 0 = -2*d - 3*q + 25, 2*q = -4*d + 6*d. Suppose -4*m = -d*m + 232. Let r = -100 + m. Calculate the highest common divisor of r and 12.
12
Let t = 33 - 18. Let s(a) = -a + 6. Let v be s(4). Let u = v + 43. What is the greatest common divisor of u and t?
15
Let h = -325 + 219. Let y be h/(-10) - 9/15. Calculate the highest common factor of y and 10.
10
Let l be (-21)/(-6)*48/14. Let v = 10 + -6. Suppose 5*s - 138 = -4*c, -108 = -2*s + v*c - 36. Calculate the highest common factor of l and s.
6
Let i = -78 - -117. Calculate the greatest common factor of i and 117.
39
Suppose 0 = -5*u + z + 38, -3*z - 5 = 2*u - 27. Suppose -u*q + 28 = -4*q. Suppose 5 = 5*x, -5*x + 7 = 3*m - q. Calculate the highest common factor of 6 and m.
3
Suppose 2*s - 8 = -2*s. Suppose -22 = -2*u - s. Let m = u + -3. Calculate the greatest common factor of 7 and m.
7
Suppose 5*l + 79 + 8 = t, -3*t = 4*l - 242. Suppose -5*i = -t + 27. Let w be ((-22)/(-4))/(3/6). Calculate the greatest common divisor of i and w.
11
Suppose -15*b = -5*b - 10. Calculate the greatest common divisor of 27 and b.
1
Let t(x) = -x - 9. Let y be t(-10). Suppose -u = -3*j + j + y, -4*u + 4*j + 8 = 0. Calculate the highest common factor of 10 and u.
5
Suppose -2*q - 354 = -4*s, 2*s - 4*q - 143 = 37. Let y = 84 - 24. Suppose -3*b = -3*l + 1 - 40, y = 5*b - 4*l. Calculate the greatest common divisor of s and b.
8
Suppose 8 = -3*s + s. Let d be 10/4*s/(-5). Suppose a = d*a - 8. Calculate the greatest common factor of a and 32.
8
Let b = 30 - 18. Let c be (-3 - -1)*(-6 - 42). What is the highest common factor of b and c?
12
Suppose -7*m + 338 + 894 = 0. What is the highest common divisor of m and 22?
22
Let m be (1*5)/(9/6 - 1). What is the greatest common divisor of 80 and m?
10
Suppose -3*x - 18 = -5*x. Suppose 4*c - 7 = 3*c. Let q(s) = -s + 10. Let m be q(c). Calculate the highest common divisor of m and x.
3
Let a be 48/27 + 4/18. Suppose -l = -3*i - a*l + 11, 5*i + l = 15. Suppose q + i*q - 66 = 0. Calculate the 